ndred millions digit of 5057720247?
0
What is the units digit of 13382779?
9
What is the tens digit of 198009424?
2
What is the millions digit of 17548101?
7
What is the ten millions digit of 78475029?
7
What is the tens digit of 1156225221?
2
What is the hundred thousands digit of 882154155?
1
What is the hundreds digit of 6839947?
9
What is the ten thousands digit of 136262115?
6
What is the tens digit of 4069691211?
1
What is the thousands digit of 6254501?
4
What is the ten thousands digit of 203841155?
4
What is the units digit of 315874783?
3
What is the ten thousands digit of 43240388?
4
What is the ten millions digit of 1152448921?
5
What is the ten millions digit of 3485269110?
8
What is the units digit of 28143869?
9
What is the millions digit of 235023632?
5
What is the ten millions digit of 62484866?
6
What is the tens digit of 21292137?
3
What is the thousands digit of 791422006?
2
What is the tens digit of 638111721?
2
What is the hundred thousands digit of 3369051103?
0
What is the units digit of 63619980?
0
What is the units digit of 65297748?
8
What is the hundred thousands digit of 170193844?
1
What is the ten thousands digit of 812455?
1
What is the units digit of 26748347?
7
What is the ten millions digit of 95044712?
9
What is the units digit of 279146091?
1
What is the tens digit of 731964566?
6
What is the thousands digit of 174236262?
6
What is the hundreds digit of 48111797?
7
What is the units digit of 43608293?
3
What is the ten thousands digit of 2920906626?
0
What is the hundred thousands digit of 26567476?
5
What is the hundreds digit of 1583012436?
4
What is the hundred millions digit of 272997823?
2
What is the hundreds digit of 386378342?
3
What is the ten thousands digit of 2899702071?
0
What is the hundred thousands digit of 101819045?
8
What is the units digit of 3133128?
8
What is the ten thousands digit of 152751765?
5
What is the thousands digit of 35605423?
5
What is the hundreds digit of 79364378?
3
What is the tens digit of 675184047?
4
What is the units digit of 360172457?
7
What is the tens digit of 1476277704?
0
What is the millions digit of 451771110?
1
What is the hundred millions digit of 153846823?
1
What is the hundred thousands digit of 255467026?
4
What is the ten thousands digit of 60747219?
4
What is the hundred thousands digit of 197361919?
3
What is the thousands digit of 629528646?
8
What is the thousands digit of 1915921081?
1
What is the hundred thousands digit of 7627922?
6
What is the ten thousands digit of 151004?
5
What is the hundreds digit of 188921934?
9
What is the ten millions digit of 151898152?
5
What is the units digit of 563669521?
1
What is the units digit of 2377011810?
0
What is the tens digit of 369196287?
8
What is the thousands digit of 407038195?
8
What is the units digit of 70508881?
1
What is the tens digit of 111850935?
3
What is the ten millions digit of 978891012?
7
What is the thousands digit of 84895863?
5
What is the hundreds digit of 3648950?
9
What is the millions digit of 1376426545?
6
What is the tens digit of 1070711324?
2
What is the hundred millions digit of 2300421219?
3
What is the millions digit of 2196533500?
6
What is the ten millions digit of 144318030?
4
What is the hundreds digit of 239918319?
3
What is the ten millions digit of 48903474?
4
What is the hundreds digit of 342733695?
6
What is the ten thousands digit of 3269576698?
7
What is the millions digit of 1473710216?
3
What is the hundred millions digit of 555394676?
5
What is the units digit of 269458955?
5
What is the millions digit of 6029195186?
9
What is the units digit of 988912034?
4
What is the hundred thousands digit of 26514440?
5
What is the ten millions digit of 1983063301?
8
What is the units digit of 492651741?
1
What is the units digit of 558095073?
3
What is the ten millions digit of 205398924?
0
What is the hundred millions digit of 5465279081?
4
What is the thousands digit of 374652836?
2
What is the hundreds digit of 39413914?
9
What is the ten thousands digit of 32194565?
9
What is the hundreds digit of 190531851?
8
What is the units digit of 827205360?
0
What is the thousands digit of 8202150?
2
What is the thousands digit of 1152737784?
7
What is the ten thousands digit of 41253046?
5
What is the hundred thousands digit of 858201261?
2
What is the hundreds digit of 1780714574?
5
What is the ten thousands digit of 52130617?
3
What is the thousands digit of 209911666?
1
What is the ten millions digit of 34885614?
3
What is the thousands digit of 64230925?
0
What is the hundred millions digit of 154386509?
1
What is the units digit of 1751590856?
6
What is the thousands digit of 898890233?
0
What is the ten thousands digit of 47926275?
2
What is the thousands digit of 4512087106?
7
What is the millions digit of 31613215?
1
What is the hundred thousands digit of 8445908?
4
What is the hundred thousands digit of 531284933?
2
What is the thousands digit of 1392907013?
7
What is the millions digit of 318580934?
8
What is the ten thousands digit of 2065494937?
9
What is the millions digit of 6306745?
6
What is the ten thousands digit of 197357993?
5
What is the units digit of 369930024?
4
What is the millions digit of 5828945499?
8
What is the millions digit of 2888386520?
8
What is the ten thousands digit of 357389003?
8
What is the units digit of 49796278?
8
What is the ten millions digit of 29956304?
2
What is the tens digit of 472337459?
5
What is the units digit of 833510279?
9
What is the units digit of 111419267?
7
What is the millions digit of 510730126?
0
What is the hundreds digit of 1068493231?
2
What is the hundred thousands digit of 37206469?
2
What is the ten thousands digit of 1920111053?
1
What is the millions digit of 449177199?
9
What is the hundreds digit of 5007909666?
6
What is the hundred thousands digit of 23666063?
6
What is the units digit of 594925300?
0
What is the hundred millions digit of 705659549?
7
What is the units digit of 2762713699?
9
What is the millions digit of 1195019622?
5
What is the millions digit of 85153839?
5
What is the hundreds digit of 108860461?
4
What is the hundred thousands digit of 66824230?
8
What is the thousands digit of 70346584?
6
What is the ten thousands digit of 957841621?
4
What is the hundred thousands digit of 5144419351?
4
What is the hundred thousands digit of 302310334?
3
What is the units digit of 447749474?
4
What is the tens digit of 4699450015?
1
What is the thousands digit of 1427468101?
8
What is the ten thousands digit of 12304180?
0
What is the hundred thousands digit of 51629117?
6
What is the tens digit of 59715060?
6
What is the units digit of 260754104?
4
What is the thousands digit of 2137200?
7
What is the tens digit of 121678291?
9
What is the millions digit of 1772646620?
2
What is the hundred thousands digit of 26697194?
6
What is the millions digit of 40795421?
0
What is the ten thousands digit of 238850910?
5
What is the ten millions digit of 631015274?
3
What is the hundred millions digit of 2177155550?
1
What is the hundred thousands digit of 149730220?
7
What is the hundreds digit of 2248526?
5
What is the units digit of 1398576119?
9
What is the millions digit of 482416269?
2
What is the ten millions digit of 1490865587?
9
What is the millions digit of 251046275?
1
What is the millions digit of 1004026760?
4
What is the millions digit of 2001628564?
1
What is the thousands digit of 440242223?
2
What is the tens digit of 56890268?
6
What is the hundreds digit of 242903034?
0
What is the units digit of 3244200995?
5
What is the ten thousands digit of 7248840792?
4
What is the tens digit of 48178962?
6
What is the thousands digit of 538565018?
5
What is the units digit of 177585496?
6
What is the hundred thousands digit of 537870141?
8
What is the thousands digit of 26567177?
7
What is the ten millions digit of 194532109?
9
What is the units digit of 238238185?
5
What is the ten thousands digit of 106645284?
4
What is the millions digit of 5385789?
5
What is the units digit of 30255975?
5
What is the units digit of 31144496?
6
What is the hundred thousands digit of 86603757?
6
What is the tens digit of 237138477?
7
What is the ten thousands digit of 126611097?
1
What is the units dig